
What is bff (base 16) in base 13?
1523
What is 1122121212 (base 3) in base 16?
7f13
Convert 1ba9 (base 16) to base 12.
4121
-1b10 (base 16) to base 9
-10447
Convert 30c62 (base 13) to base 2.
10101011011101111
Convert -373 (base 8) to base 15.
-11b
Convert -3480 (base 9) to base 15.
-b73
11220200 (base 4) to base 16
5a20
What is 12220212 (base 3) in base 14?
1804
What is 2a9 (base 15) in base 16?
261
Convert -1800 (base 9) to base 5.
-21002
Convert -4241 (base 12) to base 14.
-28db
What is 33300 (base 4) in base 15?
473
Convert 10347 (base 9) to base 8.
15277
What is -3011 (base 6) in base 2?
-1010001111
Convert 322232 (base 4) to base 6.
25222
Convert 2740 (base 8) to base 11.
1148
What is 42 (base 7) in base 5?
110
-1402 (base 6) to base 14
-1bc
What is 2327 (base 11) in base 7?
11622
Convert 1110001100 (base 2) to base 6.
4112
Convert -74d (base 14) to base 15.
-661
Convert 4a6 (base 15) to base 12.
740
-176 (base 10) to base 13
-107
What is a54 (base 14) in base 4?
133302
Convert 3082 (base 11) to base 9.
5536
337 (base 10) to base 4
11101
Convert 2423 (base 9) to base 4.
130023
5748 (base 9) to base 5
114011
Convert 211113 (base 4) to base 9.
3246
-313101 (base 7) to base 9
-81840
Convert -393 (base 12) to base 11.
-454
What is 102220 (base 5) in base 10?
3435
What is -1424 (base 6) in base 5?
-3001
Convert 1000101100010 (base 2) to base 4.
1011202
Convert 387 (base 9) to base 6.
1254
Convert -3296a (base 11) to base 14.
-1358a
-102024 (base 5) to base 2
-110100111101
629 (base 12) to base 16
381
What is 20203 (base 4) in base 11?
458
What is -6137 (base 9) in base 11?
-3411
-453014 (base 6) to base 14
-dd18
1012001 (base 3) to base 9
1161
What is -11001000 (base 2) in base 10?
-200
15044 (base 6) to base 7
10003
What is 1255 (base 16) in base 15?
15cd
What is 1f71 (base 16) in base 10?
8049
What is -11011001 (base 2) in base 14?
-117
What is -3113 (base 4) in base 7?
-425
Convert -2065 (base 8) to base 6.
-4553
What is -1b2 (base 16) in base 2?
-110110010
What is -240522 (base 7) in base 10?
-43479
Convert 22805 (base 9) to base 12.
8995
-102000022 (base 3) to base 14
-2cd5
What is 9483 (base 10) in base 8?
22413
-5950 (base 12) to base 14
-3900
1011111222 (base 3) to base 8
54700
-1300 (base 6) to base 7
-642
Convert -20201201 (base 3) to base 5.
-124111
Convert -185 (base 16) to base 14.
-1db
What is 8b6 (base 12) in base 6?
5550
-123162 (base 7) to base 14
-83d9
-599a (base 13) to base 8
-30531
What is -272 (base 12) in base 9?
-455
What is 113636 (base 7) in base 3?
1001012102
What is -14541 (base 6) in base 14?
-c0d
Convert 500 (base 6) to base 16.
b4
1773 (base 8) to base 4
33323
Convert -101110 (base 4) to base 11.
-918
What is -53212 (base 6) in base 15?
-2208
What is -6a37 (base 11) in base 8?
-22024
-7178 (base 14) to base 3
-222202121
What is 8c23 (base 16) in base 2?
1000110000100011
Convert 10100110111000 (base 2) to base 16.
29b8
What is 143331 (base 8) in base 12?
25561
What is -202110 (base 3) in base 11?
-462
-36 (base 7) to base 15
-1c
Convert -222 (base 11) to base 10.
-266
Convert 581 (base 9) to base 14.
262
101010 (base 2) to base 3
1120
What is 11001001110 (base 2) in base 13?
972
Convert 24312 (base 10) to base 5.
1234222
What is -1755 (base 11) in base 10?
-2238
Convert -22033222 (base 4) to base 11.
-29588
ac6 (base 13) to base 5
24402
Convert 43762 (base 10) to base 9.
66024
What is -13111230 (base 4) in base 13?
-108b4
Convert -608 (base 13) to base 6.
-4422
-1523 (base 11) to base 2
-11110101001
What is 122012 (base 4) in base 6?
11422
What is 43364 (base 7) in base 4?
2221022
What is 47626 (base 8) in base 16?
4f96
What is 7056 (base 9) in base 14?
1c42
1263 (base 16) to base 15
15dc
-1001 (base 6) to base 7
-430
Convert -200112 (base 4) to base 12.
-1246
What is -24323 (base 6) in base 13?
-1824
1ae6 (base 15) to base 6
43013
-231123 (base 7) to base 14
-1104a
-74a (base 12) to base 11
-88a
Convert -2023 (base 5) to base 9.
-322
Convert 771 (base 10) to base 4.
30003
-442 (base 13) to base 14
-3a2
Convert -2112221 (base 3) to base 5.
-24421
-20101110 (base 3) to base 5
-122111
Convert 2177 (base 9) to base 16.
649
What is 737 (base 9) in base 4?
21121
Convert 1369 (base 16) to base 13.
2353
What is 139c (base 14) in base 10?
3470
Convert -410211 (base 5) to base 4.
-3031331
What is -13152 (base 6) in base 15?
-8e2
1340 (base 6) to base 3
110220
What is 1001001001001 (base 2) in base 16?
1249
Convert 1dd (base 15) to base 9.
531
What is -10222121 (base 3) in base 10?
-2905
-23c (base 14) to base 12
-312
What is 422 (base 8) in base 10?
274
Convert -220022 (base 3) to base 9.
-808
What is -5096 (base 10) in base 4?
-1033220
58 (base 16) to base 10
88
-60340 (base 7) to base 2
-11100011110101
Convert -484a (base 15) to base 16.
-3c0a
59 (base 15) to base 11
77
What is -5746 (base 10) in base 6?
-42334
Convert -7878 (base 11) to base 12.
-6002
32309 (base 10) to base 13
11924
What is 111a7 (base 13) in base 7?
156365
-139 (base 12) to base 16
-bd
6349 (base 15) to base 5
1132434
10000000011 (base 2) to base 6
4431
111001221 (base 3) to base 9
14057
What is bb5 (base 12) in base 16?
6b9
-259 (base 16) to base 10
-601
What is 101100001010011 (base 2) in base 10?
22611
What is 843 (base 14) in base 13?
982
Convert -30013 (base 4) to base 11.
-645
Convert -eb3 (base 15) to base 5.
-101233
Convert 3460 (base 9) to base 11.
1a22
100010101111 (base 2) to base 11
1741
-4314 (base 12) to base 16
-1cc0
Convert 1031223 (base 4) to base 7.
20331
What is 2760 (base 9) in base 8?
4037
What is -9c1a (base 16) in base 12?
-1b162
-70a (base 12) to base 4
-33322
What is -5df (base 16) in base 12?
-a53
What is -235 (base 8) in base 16?
-9d
30362 (base 7) to base 4
1303202
-121120000 (base 3) to base 12
-6b99
37b (base 13) to base 3
211120
What is 868 (base 12) in base 7?
3410
-156 (base 12) to base 5
-1320
Convert -111111111 (base 2) to base 13.
-304
-132 (base 16) to base 8
-462
What is -121c8 (base 14) in base 5?
-2404101
Convert 1557 (base 10) to base 14.
7d3
What is 10201002 (base 3) in base 13?
12cb
-440343 (base 6) to base 8
-107107
Convert -10225 (base 6) to base 11.
-104a
Convert 13945 (base 15) to base 9.
105172
237321 (base 8) to base 2
10011111011010001
-4a45 (base 12) to base 6
-102525
Convert 88b4 (base 12) to base 5.
440422
Convert 468c (base 13) to base 3.
111121100
What is 1110101001000011 (base 2) in base 4?
32221003
Convert 1012121202 (base 3) to base 11.
16959
Convert 122211211 (base 3) to base 6.
140121
-140130 (base 5) to base 11
-4290
-10334 (base 5) to base 4
-23033
Convert 84 (base 9) to base 16.
4c
What is 122545 (base 6) in base 13?
501b
What is 890 (base 16) in base 10?
2192
What is 1077 (base 9) in base 11?
667
Convert 148c (base 13) to base 2.
101110101101
-21002001 (base 3) to base 7
-21016
527 (base 13) to base 4
31232
-39698 (base 10) to base 15
-bb68
What is -433 (base 7) in base 5?
-1340
105324 (base 6) to base 4
2030110
1202011 (base 4) to base 11
4797
-6f2 (base 16) to base 4
-123302
1150 (base 8) to base 14
320
15338 (base 9) to base 13
4a06
What is -3c34 (base 14) in base 9?
-15521
-90e (base 16) to base 11
-1818
Convert 2687 (base 11) to base 12.
2023
Convert -22202 (base 4) to base 8.
-1242
What is 1480 (base 12) in base 15?
aa0
What is -675 (base 10) in base 16?
-2a3
What is -34ba (base 15) in base 3?
-120100211
-2230002 (base 4) to base 8
-25402
Convert 63 (base 7) to base 3.
1200
-519 (base 16) to base 9
-1710
What is -30300032 (base 4) in base 15?
-10728
16672 (base 11) to base 12
11688
1000011010001 (base 2) to base 13
1c62
100101010001 (base 2) to base 15
a90
Convert 1000343 (base 5) to base 9.
23510
Convert 4276 (base 8) to base 4.
202332
What is a9 (base 13) in base 15?
94
Convert b8b6 (base 13) to base 10.
25668
-20111210 (base 3) to base 6
-33550
What is -44a4 (base 12) in base 9?
-11387
Convert -1 (base 6) to base 4.
-1
What is -160 (base 8) in base 14?
-80
What is 2121211100 (base 3) in base 13?
1a66a
-505 (base 13) to base 14
-44a
-912 (base 12) to base 2
-10100011110
What is -10220100 (base 4) in base 6?
-223440
Convert 12d3 (base 14) to base 12.
1b09
What is a394 (base 14) in base 3?
1102121220
10031311 (base 4) to base 10
17269
Convert -1254 (base 7) to base 3.
-122210